.
17
Calculate the remainder when 1544447943 is divided by 26.
25
What is the remainder when 250197 is divided by 10?
7
What is the remainder when 2234179 is divided by 2601?
2521
What is the remainder when 37266 is divided by 218?
206
Calculate the remainder when 938548 is divided by 187702.
38
Calculate the remainder when 1025042 is divided by 136.
10
Calculate the remainder when 6069356 is divided by 674.
660
What is the remainder when 85324461 is divided by 17?
16
Calculate the remainder when 262117 is divided by 1276.
537
Calculate the remainder when 9672 is divided by 4705.
262
What is the remainder when 482351 is divided by 21925?
1
What is the remainder when 362808 is divided by 45349?
16
Calculate the remainder when 22391 is divided by 17.
2
Calculate the remainder when 25169255 is divided by 9.
8
What is the remainder when 1434988 is divided by 2267?
2244
Calculate the remainder when 1469079 is divided by 151.
0
Calculate the remainder when 6125126 is divided by 138.
134
Calculate the remainder when 14701417 is divided by 192.
169
What is the remainder when 277713 is divided by 4622?
393
Calculate the remainder when 191771 is divided by 251.
7
What is the remainder when 101159 is divided by 2587?
266
Calculate the remainder when 2582923 is divided by 695.
303
What is the remainder when 63632 is divided by 6967?
929
What is the remainder when 165966 is divided by 2635?
2596
Calculate the remainder when 12364985 is divided by 457960.
65
Calculate the remainder when 220095 is divided by 219489.
606
What is the remainder when 348920 is divided by 2131?
1567
Calculate the remainder when 39114 is divided by 2792.
26
What is the remainder when 1009126 is divided by 504487?
152
What is the remainder when 3937971 is divided by 492245?
11
What is the remainder when 8085626 is divided by 8085618?
8
What is the remainder when 9406 is divided by 8863?
543
What is the remainder when 2162616 is divided by 200?
16
Calculate the remainder when 27970 is divided by 13534.
902
Calculate the remainder when 1043266 is divided by 5237.
1103
Calculate the remainder when 10381707 is divided by 349.
4
Calculate the remainder when 51736771 is divided by 246.
19
Calculate the remainder when 8486495 is divided by 242471.
10
Calculate the remainder when 70708 is divided by 217.
183
What is the remainder when 205610 is divided by 149?
139
Calculate the remainder when 23066269 is divided by 42.
37
What is the remainder when 2932518 is divided by 2892?
30
What is the remainder when 2531002 is divided by 2228?
2222
What is the remainder when 9211296 is divided by 67?
2
What is the remainder when 5117158651 is divided by 188?
187
Calculate the remainder when 21038 is divided by 106.
50
What is the remainder when 1566721 is divided by 59?
35
What is the remainder when 89474938 is divided by 89474934?
4
Calculate the remainder when 511372 is divided by 78.
4
Calculate the remainder when 2713352 is divided by 175.
152
Calculate the remainder when 849024 is divided by 23.
2
Calculate the remainder when 996170723 is divided by 711.
710
What is the remainder when 1142310 is divided by 3236?
2
Calculate the remainder when 40543 is divided by 13467.
142
What is the remainder when 4738303 is divided by 150?
103
Calculate the remainder when 2934142 is divided by 3791.
3699
Calculate the remainder when 81606597 is divided by 200.
197
What is the remainder when 2618 is divided by 89?
37
Calculate the remainder when 362633 is divided by 6840.
113
What is the remainder when 114963 is divided by 28649?
367
What is the remainder when 1490529 is divided by 787?
738
Calculate the remainder when 296504763 is divided by 6253.
9
Calculate the remainder when 262474 is divided by 748.
674
Calculate the remainder when 95023109 is divided by 4321.
4319
What is the remainder when 81457650 is divided by 1199?
1187
Calculate the remainder when 1641012 is divided by 322.
100
What is the remainder when 12945325 is divided by 90?
85
Calculate the remainder when 23633492 is divided by 540.
392
Calculate the remainder when 67896 is divided by 9348.
2460
Calculate the remainder when 2273487523 is divided by 25.
23
What is the remainder when 20915257 is divided by 26?
25
What is the remainder when 5203641 is divided by 30?
21
Calculate the remainder when 403595 is divided by 33618.
179
What is the remainder when 65148 is divided by 64618?
530
What is the remainder when 4452922 is divided by 64?
58
What is the remainder when 676606 is divided by 338295?
16
Calculate the remainder when 33163206 is divided by 1352.
1350
What is the remainder when 1422284 is divided by 272?
268
Calculate the remainder when 121512583 is divided by 3404.
3399
What is the remainder when 3102664 is divided by 217?
215
Calculate the remainder when 84079449 is divided by 34.
33
What is the remainder when 2591702 is divided by 431946?
26
Calculate the remainder when 234236 is divided by 484.
464
Calculate the remainder when 12123 is divided by 11673.
450
What is the remainder when 182486 is divided by 454?
432
What is the remainder when 2527262 is divided by 29?
28
What is the remainder when 7685531 is divided by 1280901?
125
Calculate the remainder when 68036999 is divided by 6803698.
19
What is the remainder when 1252181 is divided by 30541?
0
What is the remainder when 803204196 is divided by 17034?
17028
Calculate the remainder when 954602 is divided by 7123.
120
What is the remainder when 77187 is divided by 19292?
19
What is the remainder when 20511 is divided by 9229?
2053
What is the remainder when 24795617 is divided by 66?
11
What is the remainder when 18424288 is divided by 242423?
140
Calculate the remainder when 74650307 is divided by 5.
2
Calculate the remainder when 12317222 is divided by 31.
23
Calculate the remainder when 166248 is divided by 171.
36
Calculate the remainder when 330373 is divided by 17.
12
What is the remainder when 222976 is divided by 222213?
763
Calculate the remainder when 3573690 is divided by 893409.
54
What is the remainder when 403964 is divided by 134644?
32
What is the remainder when 5467255 is divided by 67?
55
Calculate the remainder when 824715 is divided by 712.
219
What is the remainder when 565226 is divided by 227?
223
Calculate the remainder when 72762 is divided by 64.
58
What is the remainder when 117605377 is divided by 5113277?
6
Calculate the remainder when 2829895 is divided by 9207.
3346
Calculate the remainder when 1548246 is divided by 142.
20
Calculate the remainder when 119638365 is divided by 28.
21
What is the remainder when 1536452 is divided by 1436?
1368
What is the remainder when 13141186 is divided by 2155?
2151
What is the remainder when 41293098 is divided by 50296?
82
Calculate the remainder when 1159903 is divided by 3659.
0
Calculate the remainder when 631443 is divided by 39456.
147
Calculate the remainder when 13097167 is divided by 109.
54
What is the remainder when 128313 is divided by 127682?
631
Calculate the remainder when 4191741 is divided by 67605.
231
Calculate the remainder when 1807645 is divided by 181.
179
Calculate the remainder when 16720384 is divided by 60581.
28
Calculate the remainder when 3950962 is divided by 3799.
2
Calculate the remainder when 63933 is divided by 1879.
47
Calculate the remainder when 1367047 is divided by 683483.
81
What is the remainder when 7068054 is divided by 792?
246
Calculate the remainder when 973708 is divided by 41.
40
Calculate the remainder when 12155106 is divided by 1212.
1170
What is the remainder when 206897 is divided by 637?
509
What is the remainder when 7494 is divided by 94?
68
What is the remainder when 42494422 is divided by 119?
117
Calculate the remainder when 8821235 is divided by 160.
115
Calculate the remainder when 3759575 is divided by 49468.
7
Calculate the remainder when 157527 is divided by 4147.
4088
What is the remainder when 12958311 is divided by 12958286?
25
Calculate the remainder when 54066118 is divided by 70.
8
What is the remainder when 18977725 is divided by 22?
19
Calculate the remainder when 52500 is divided by 2486.
294
Calculate the remainder when 561723 is divided by 2754.
2661
Calculate the remainder when 1093296 is divided by 1093234.
62
What is the remainder 